+ 722. Calculate the remainder when 77 is divided by s.
1
Suppose h = 2*c + 46 + 18, 0 = -3*h + 2*c + 192. Let x = 13480 - 13231. What is the remainder when x is divided by h?
57
Let k = 25250 - 25215. Calculate the remainder when 698 is divided by k.
33
Let o = -2713 + 2721. Suppose 75 = 5*l - 450. Suppose -o*p + 13*p = l. What is the remainder when p is divided by 4?
1
Suppose 217*a = 32444 - 16700 + 109031. What is the remainder when a is divided by 22?
3
Calculate the remainder when ((-1)/(-2))/(4 + 2670/(-668)) is divided by (-1 - -3) + 40 - 0/(-1).
41
Let s be ((-8)/5)/(-3 + 80/25). Calculate the remainder when 205 is divided by (-426)/s - 3/12.
46
Calculate the remainder when 3100 is divided by (-1 - -1548) + (-84)/(-462)*-11.
10
Suppose -14*b - 25 = 3. Calculate the remainder when 85 is divided by b*(189/(-10) + (-30)/(-75)).
11
Calculate the remainder when (9 - (-140)/(-12)) + 8520/9 is divided by 157.
2
Let x = 32 + 17. Let k be 9/21 - (-20118)/x. Calculate the remainder when k/6*(8 - 6) is divided by 35.
32
Let p(t) = t**3 + 8*t**2 + 7*t - 7. Let i(r) = -r**3 - 7*r**2 - 5*r + 6. Let h(v) = 3*i(v) + 2*p(v). What is the remainder when h(-6) is divided by 10?
6
Let p(f) = f**3 - 4*f**2 - f - 1. Let i = 294 - 442. Let j = 160 + i. What is the remainder when p(5) is divided by j?
7
Suppose -5 = 3*l - 4*l. Suppose -2*f + 4 = l*m - 63, 0 = -3*m - 2*f + 37. Calculate the remainder when 73 is divided by m.
13
Suppose -21*g + 245593 - 244585 = 0. Suppose 0 = -4*n + n + 81. What is the remainder when g is divided by n?
21
Let z(u) = 166*u + 1258. Calculate the remainder when z(-5) is divided by 32.
12
Suppose 10*o + 94 = -266. Let q = o - -64. Calculate the remainder when 102 is divided by q.
18
Suppose -313*a + 1290 = -270*a. Calculate the remainder when 446 is divided by a.
26
Suppose 3*j - 277 = t, 2*j - 3*t - 177 = 17. Calculate the remainder when 266 is divided by j.
84
Let g be (76/24 - 3) + (-454)/(-12). Suppose -b - 2*n = -29, -2*b = n - 32 - g. Suppose 5*s = 43 + 7. Calculate the remainder when b is divided by s.
7
Let v(w) = -4*w - 8. Let m be v(-2). Let o(d) = d**2 + 2*d + 38. What is the remainder when 189 is divided by o(m)?
37
Let r be (1/1 - 4) + 12. Suppose r*c + 137 = 10*c. Let d(l) = -l**3 + 9*l**2 + 5*l + 1. Calculate the remainder when c is divided by d(9).
45
Let o(y) = 6*y**2 + 39*y - 11. Let b be o(-9). Let s = 158 - b. Calculate the remainder when 61 is divided by s.
27
Let q(i) = -3 - 2 + 7 + 36*i + 12*i**2 + 2. Calculate the remainder when 152 is divided by q(-4).
48
Let c be 20*(-1 - 0)/(2 - 6). Suppose 8 = -3*q + c*d, -2*q - d = -3*d. Suppose -10 = -3*v - 4. What is the remainder when q is divided by v?
0
Suppose 356 = 3*m + y, 4*y = -80*m + 85*m - 582. What is the remainder when 564 is divided by m?
92
Suppose -3*o = -4*o + 5*x + 18, 5*x = -3*o + 34. Suppose -o*n - 687 = -16*n. Calculate the remainder when n is divided by 26.
21
Let h(y) = 4*y + 2*y + y - 34*y - 84 + 20. Calculate the remainder when 118 is divided by h(-3).
16
Let u(j) = 9*j - 10. Let k be u(-6). Let z = 69 + k. Suppose -5*i + 4*n = z*n - 205, -4*i - 5*n = -143. Calculate the remainder when i is divided by 11.
9
Let f = 21701 - 21685. Suppose -3*p + 12 = -48. Suppose -p - 5 = 5*l, 3*v - 5*l = 163. What is the remainder when v is divided by f?
14
Suppose 0 = 13*x + 19 + 2516. Let h be (-8)/52 + -5*6/x. Suppose h + 13 = g. Calculate the remainder when 127 is divided by g.
10
Suppose 0 = -3*z - z + 616. Let r = 11120 - 11094. Calculate the remainder when z is divided by r.
24
Let n(m) = -10*m + 27. Let f(j) = -3*j - 30. Let g be f(-10). Let r(i) = -i**3 + 10*i**2 - 8*i - 12. Calculate the remainder when r(7) is divided by n(g).
25
Suppose 3*f + 41 = t - 0, 115 = 5*t + 3*f. Calculate the remainder when t is divided by (-126)/945 + ((-456)/(-45))/1.
6
Let m(y) = y**3 - 18*y**2 + 41*y - 91. What is the remainder when m(26) is divided by 48?
47
Suppose -m - 6 = 5*m. Let w be m/(-2) + (-2)/4. Calculate the remainder when (w - -2)*(-3705)/(-26) is divided by 22.
21
Suppose 131 + 361 = 3*d. Let z = -127 + d. Calculate the remainder when 96 is divided by z.
22
Let y = 393 - 382. Suppose -12 = -y*a + 14*a, 0 = 2*b - a - 20. What is the remainder when 13 is divided by b?
5
What is the remainder when 168/(-2436) + 55164/87 is divided by 7?
4
Calculate the remainder when (-3 - 2030/4)/(8/(-26 - -10)) is divided by 19.
14
Let y(l) = -l**2 + 80*l + 305. What is the remainder when y(58) is divided by 228?
213
Suppose -33*k + 3*j = -30*k - 66, 2*k - j = 38. What is the remainder when 971 is divided by k?
11
Let p = -3358 + 3579. Calculate the remainder when p is divided by 35.
11
Let s be 3*(-7)/(-21) + 266. Let r = -255 + s. Calculate the remainder when 897 is divided by r.
9
Suppose -14*i + 56 = 14. Suppose -i*t - 3*v = -0*v - 108, 4*v = -5*t + 182. Calculate the remainder when 58 is divided by t.
20
Let h(w) = -3*w + 114. Let l be h(0). Let i = -8 + l. Let u = i + -75. What is the remainder when 122 is divided by u?
29
Suppose -4*c - 344 = -15*c + 7*c. What is the remainder when 1365 is divided by c?
75
Suppose 3*w - 22 = -w + 2*o, -10 = 5*w + 5*o. Suppose 5*j = 4*a + 166, 0 = -w*j - 6*a + 2*a + 74. What is the remainder when 1210/j - 2/6 is divided by 14?
12
Let k = 380 - -380. What is the remainder when k is divided by 109?
106
Let g = -3325 + 3355. What is the remainder when 70 is divided by g?
10
Suppose b + 2*n = 40, n = -2*b + 3*n + 74. Suppose -509*r + 498*r + 704 = 0. Calculate the remainder when r is divided by b.
26
Suppose 0 = 11*q - 606 + 210. Calculate the remainder when 1003 is divided by q.
31
Let o = -70 - -55. Let f = o + 17. Let r = 11 + f. What is the remainder when 114 is divided by r?
10
Suppose -3*s - l - 18 = -166, -2*s - 5*l + 116 = 0. Calculate the remainder when s is divided by 6 + -2 + 2 + 13.
10
Let s be (-4 - (-2 + -2))/3. Suppose -9*g + 11*g - 4 = s. Suppose -4*j - 2*z = -334, 0 = 3*z + 11 - g. Calculate the remainder when j is divided by 29.
27
Suppose -3*r - 2*k + 41 = 0, 3*r - 32 - 29 = 2*k. Let o be (-2 - 304)/(-3*(-8)/(-12)). Let u = o - 106. What is the remainder when u is divided by r?
13
Let m(z) be the first derivative of z**4/2 - 2*z**3 + 11*z**2/2 + 9*z + 28. Calculate the remainder when m(4) is divided by 13.
7
Suppose -50*r + 71 = -48*r - 5*m, -5*m - 25 = 0. What is the remainder when 8692 is divided by r?
21
Let f be (-13)/(52/(-56)) - -2. What is the remainder when (f - 15)*(-1 - -288) is divided by 29?
26
Let i(t) = 12*t**2 + 2*t**2 + 12*t**2 - 1. Suppose -2*h + 4*h = -4*h + 732. What is the remainder when h is divided by i(-1)?
22
Suppose -15*g + 553 = -77. What is the remainder when 543 is divided by g?
39
Suppose -4*v + 384 = 8*v. Let j = -48 + v. Let r(y) = -2*y + 8. Calculate the remainder when r(j) is divided by 11.
7
Let d be (16/(-7) - (-2)/7) + 118. Let l = 66 - d. Let h = l + 69. Calculate the remainder when h is divided by 5.
4
Suppose 0 = -18681*u + 18672*u + 324. What is the remainder when 241 is divided by u?
25
Suppose -2*d = -3*i + 224, -4*i + 29*d - 32*d = -310. What is the remainder when 336 is divided by i?
32
Suppose 2*u = -0*d - 2*d + 6, 2*d - 5 = -3*u. Suppose 3*b = d*z + 363, 6*b - 5*b - z = 120. Calculate the remainder when b is divided by 8.
5
Let r(p) = -p**2 - p - 1. Let i(w) = -w**2. Let y(b) = -i(b) - 3*r(b). Calculate the remainder when y(-16) is divided by 20.
19
What is the remainder when 104 is divided by 16*15/120*6?
8
Let g(l) = 12*l - 26. Let i be g(8). Suppose 12*u - i = 5*u. Calculate the remainder when 18 is divided by u.
8
What is the remainder when (-16 - (70/5 + -5))*5642/(-35) is divided by 72?
70
Let p(i) = -7*i**3 + i**2 + i. Let h be p(-1). Suppose h*z + 92 = 11*z. Calculate the remainder when 46 is divided by z.
0
Let q(c) = -26 - 26*c**2 + c**3 + 4*c**2 - 4*c**3 + 4*c**3 + 19*c. Let p be q(21). Let n = p - -165. Calculate the remainder when n is divided by 25.
22
Let h be (-40)/32*42*2. Let p = 104 + h. Calculate the remainder when 15 is divided by 62/8 + (6/(-8) - p).
7
Let q be 34/(-4)*-8 - 0. Let n = -64 + q. Suppose -10 = w - 15, -2*y + 33 = -w. What is the remainder when y is divided by n?
3
What is the remainder when ((-16)/(160/750))/(0 - 1) is divided by 9?
3